e prime factors of i?
2, 5
Let s = -142 - -476. Suppose -4*f - s = -2*n, 9*n = 4*n - 4*f + 849. List the prime factors of n.
13
Suppose 33*c - 40*c = -5320. What are the prime factors of c?
2, 5, 19
Let a be (0 + (-4)/12)/(1/(-6)). Suppose -a*p + 138 = -22. List the prime factors of p.
2, 5
Let f be (10 + -7)/(6/4). Suppose 0 = 3*x - p - 28, f = x + 4*p - 3. What are the prime factors of x + -6 + (-28)/(-2)?
17
Suppose 5*z = 0, 6*p = 10*p - 3*z - 3304. What are the prime factors of p?
2, 7, 59
Suppose 0 = 4*g - 0*g - 24. Suppose 90 = g*w - 900. List the prime factors of w.
3, 5, 11
Let w(b) = b**3 - 5*b**2 + b - 4. Let k be ((-6)/4)/(6/(-72)). Suppose 5*t + k = 8*t. What are the prime factors of w(t)?
2, 19
Let q(n) = 434*n - 3. Let k be q(1). Let s = 700 - k. List the prime factors of s.
269
Let b(q) = -q - 2. Let y(f) = f + 3. Let u(c) = -6*b(c) - 5*y(c). Let i be ((-54)/(-4))/(-3)*(-16)/12. List the prime factors of u(i).
3
Let u = -51 + 90. Let o = 22 - 22. Suppose 4*c - u - 29 = o. List the prime factors of c.
17
Let c = -43 - -149. Suppose 2*k = 2 + 2. Suppose 4*f - 64 - 37 = -v, -c = -4*f - k*v. List the prime factors of f.
2, 3
Suppose 2*s + 1045 = 5*y, -2*y + 418 = -7*s + 4*s. Let z = -99 + y. List the prime factors of z.
2, 5, 11
Suppose 0 = 5*y - 42 + 17. Let t(n) = 3*n**2 - 2*n + 21. List the prime factors of t(y).
2, 43
Let c = 4987 - 2716. What are the prime factors of c?
3, 757
Let t = -40 + 7. Let l = 49 + t. What are the prime factors of l?
2
Suppose -40 = -10*w + 560. Let z = w - 18. What are the prime factors of z?
2, 3, 7
Let x = 56 - 87. Let j(f) = 4*f**2 - 2*f - 4. Let g be j(4). Let y = x + g. List the prime factors of y.
3, 7
Let r = -5608 + 8636. What are the prime factors of r?
2, 757
Suppose 0 = 2*d - 2*h - 10, 5*d - h = h + 22. Let u(k) = 9*k + 13 + 6*k - 9*k + 10*k. List the prime factors of u(d).
7, 11
Let o be (-3)/(-9)*3 - -1. Let x be (-1)/(o/(0 + 2)). List the prime factors of ((-132)/(-8))/x*-2.
3, 11
Let b(t) be the third derivative of t**5/30 + t**4/2 - 5*t**3/3 - 4*t**2. Let n be b(-9). Suppose -5*g + 41 = -n. List the prime factors of g.
17
Suppose 166 = 4*r - 174. Suppose 0 = -2*x + z - 0*z + 32, -5*x + 5*z + r = 0. What are the prime factors of x?
3, 5
Let j(h) = -h + 16. Let u be j(16). Suppose -2*w + 4*n + 196 = 0, -w - 2*n + 82 = -u*w. What are the prime factors of w?
2, 3, 5
Let k(h) = 46*h**2 - 5 - 5*h**3 + 4*h**3 - 4*h - 47*h**2. What are the prime factors of k(-6)?
199
Suppose -3*c + f = -7 - 6, -3*c + 17 = f. Suppose -3*j + 0*j + c*y + 382 = 0, 386 = 3*j - 4*y. List the prime factors of j.
2, 67
Let q = -694 - -759. List the prime factors of q.
5, 13
Let u(p) = 6383*p**2 + 60*p + 60. List the prime factors of u(-1).
13, 491
Let n(x) = 2*x**2 + x + 4. Let v = 49 - 44. What are the prime factors of n(v)?
59
Suppose 4*k + l = 3*k + 1344, 5*k + 2*l = 6735. What are the prime factors of k?
19, 71
Let q = -12 + 12. Suppose -3*k = 3*i - 201, -3*k + q*i + i = -205. List the prime factors of k.
2, 17
Suppose 2*p - 10 = 16. Suppose -7*b + 3*b = -4*c - 144, c = 1. Let q = b + p. List the prime factors of q.
2, 5
Let n(g) = -2*g**2 - g + 1. Let p be n(1). List the prime factors of (-256 + p)/(-3) + 16/(-8).
2, 3, 7
Suppose -4*w + 3*w - 15 = 0. Let u = 17 + w. List the prime factors of (-39)/(-2)*u/1.
3, 13
Suppose 0*s = -5*s + 15. Suppose s*b = b. Let z(o) = o**3 + o**2 + 3. What are the prime factors of z(b)?
3
What are the prime factors of (-2643)/(-21) - 5/(-35)?
2, 3, 7
Let g(c) = -c**3 - c**2 - 4*c - 3. Let z be g(-2). Suppose 0 = -3*b + z + 24. What are the prime factors of b?
11
Let b(h) = -h**3 + 10*h**2 + 2*h. Let c = 27 - 17. List the prime factors of b(c).
2, 5
Let o(t) = -t + t**3 + 7*t**2 - 2 + t + 5*t. Let h be o(-6). Suppose -h*s = -8*s + 12. What are the prime factors of s?
3
Let y(v) = 15*v**2 + 3*v + 22. What are the prime factors of y(-6)?
2, 17
Let c = -213 + 309. What are the prime factors of c?
2, 3
Suppose -m + 3*m = 18. What are the prime factors of ((-6)/2)/(m/(-384)) - 0?
2
List the prime factors of 75/(-10)*(-128)/10.
2, 3
Suppose 0 = 4*f - 0*f - 1880. What are the prime factors of f?
2, 5, 47
Let b be 5 + -1*(-1 - -4). Suppose -b*j + 196 = 2*p, -2*p + 2*j + 198 = 3*j. What are the prime factors of p?
2, 5
Let d = 358 + -295. List the prime factors of d.
3, 7
Let q(h) = h**3 - 8*h**2 + h - 8. Let p be q(8). Suppose -4*w + 122 + 90 = p. What are the prime factors of w?
53
Let k be (-2 + (-16)/(-6))*3. Suppose 4*p + p + 5*a = -10, 3*a + 9 = -k*p. Suppose 3*v + p*j + j - 78 = 0, -24 = -v - 2*j. List the prime factors of v.
2, 3, 5
Let w = -30 + 66. Suppose -5*v + w = -109. What are the prime factors of v?
29
Let c = -450 + 770. What are the prime factors of c?
2, 5
Let l = -8 + 10. Let m = 4 - l. What are the prime factors of 74*m/4 - 1?
2, 3
Suppose x + 3*r = 4309, -1551 = -x - 5*r + 2764. What are the prime factors of x?
2, 5, 43
Let q(i) = -3*i. Let t be q(5). Let l = t + 69. Let p = l - 38. List the prime factors of p.
2
Let l(c) = 14*c**3 + 7*c**2 - 24*c + 79. List the prime factors of l(4).
991
Let m = 12 - -4. Suppose 4*f = 2*a - m, 3*f = 3*a - a - 12. Let l(s) = s**2 + 2*s + 7. List the prime factors of l(f).
3, 5
Let s = 49 - 44. Suppose -2*l + 3*v + 257 = 0, -2*v + 585 = s*l + 2*v. What are the prime factors of l?
11
Let l = 17 + -9. What are the prime factors of 543/l - 6/(-48)?
2, 17
Let w be (20/(-8))/(1/(-2)). Suppose 0 = 2*p - w*p + 45. What are the prime factors of p?
3, 5
Suppose -4*x + 25 - 123 = -2*r, 2*r = -4*x + 82. Suppose -2*l + 6 + 3 = -5*n, 5*l - 9 = -n. Suppose -135 + r = -l*o. List the prime factors of o.
3, 5
Let t be 8/24*9/1 + -4. List the prime factors of 363*t*(-2)/6.
11
Suppose 0 = 10*w - 16783 + 3073. List the prime factors of w.
3, 457
Suppose 0 = -3*j, -u + 0*u = 5*j - 35. Suppose 2*d + 5 - 19 = 0. Let z = u - d. List the prime factors of z.
2, 7
Suppose 5*w - 4*w = 0. Suppose 0 = -5*q + 4*a + 6, w*q + 4*a = 3*q - 2. Suppose -q*d + 17 + 45 = 0. What are the prime factors of d?
31
Let y = -226 + 345. Let w = 199 - y. What are the prime factors of w?
2, 5
Suppose -13*w + 5952 = -5*w. What are the prime factors of w?
2, 3, 31
Let o(l) = 106*l**3 + 2*l**2 - 1. Let t be o(1). Suppose t = 4*j - 1. Suppose 73 + j = 4*r. What are the prime factors of r?
5
Let o = 1006 + -162. What are the prime factors of o?
2, 211
Let j(s) = s**3 - 16*s**2 + 2*s - 20. What are the prime factors of j(17)?
3, 101
Let o(f) = f - 1. Let v(c) = -c**3 + 2*c**2 - 2*c + 5. Let q(p) = 6*o(p) + v(p). Let h be q(3). List the prime factors of 80/h*15/15.
2, 5
Let a(l) = l**3 - 11*l**2 - 12*l + 6. Let j be a(13). Suppose -j = -3*i + i. List the prime factors of i.
2, 47
Let f be 2157/(-17) + (-12)/102. Let w = 232 + f. List the prime factors of w.
3, 5, 7
Let w(q) = -q**3 + 19*q**2 + 10*q + 19. What are the prime factors of w(19)?
11, 19
Suppose 0 = 3*h - 303 - 777. What are the prime factors of h?
2, 3, 5
Let h(y) be the first derivative of -8*y**4 - y**2/2 - 1. Let o be 8/(-10) - (-9)/(-45). What are the prime factors of h(o)?
3, 11
Let f = 203 + -128. Let c be (-105)/2 + (-2)/4. Let b = f + c. List the prime factors of b.
2, 11
Suppose -868 = -6*y + 86. What are the prime factors of y?
3, 53
Let q(c) = c**2 - 8*c. Let o be q(8). Suppose o = -0*f - 3*f + 9. Suppose -f*s - h + 42 = 0, h - 57 = -4*s - 0*s. What are the prime factors of s?
3, 5
Suppose -4*n - 4*h + 7103 = 1231, 4*h + 7349 = 5*n. What are the prime factors of n?
13, 113
Let v = -1519 - -2613. What are the prime factors of v?
2, 547
Suppose 7*q + 103 = -16. Let s(u) = -2*u + 3. Let o be s(q). Let f = 64 - o. What are the prime factors of f?
3
Suppose 2*a - 3*r + 15 = 5*a, 5*r = -2*a + 10. Let g(y) = 2*y**3 - 2*y**2 + 3*y - 16. What are the prime factors of g(a)?
199
Let d(g) = 3*g**3 - 2*g**2 - 2*g - 11. List the prime factors of d(5).
2, 19
Suppose 4 = -9*n + 13. List the prime factors of 0 - n - 230/15*-6.
7, 13
Suppose 4325 - 29218 = -31*w. What are the prime factors of w?
11, 73
Let i(o) = -2*o + 4. Let x be i(2). Suppose -93 = -j + 5*c, -3*c - 165 = -x*j - 2*j. What are the prime factors of j?
2, 3, 13
List the prime factors of ((-54)/(-10))/(6/70).
3, 7
Let f be -2 + 2 - (-3 + -160). Suppose 0 = 3*q + 5 - 20. 